{"id":868,"date":"2017-07-21T17:10:50","date_gmt":"2017-07-21T17:10:50","guid":{"rendered":"http:\/\/forumdooutono.inesctec.pt\/?page_id=868"},"modified":"2019-07-29T11:14:25","modified_gmt":"2019-07-29T11:14:25","slug":"programa","status":"publish","type":"page","link":"https:\/\/forumdooutono-arquivo.inesctec.pt\/index.php\/edicoes-anteriores\/2016-2\/programa\/","title":{"rendered":"Programa 2016"},"content":{"rendered":"<p><a href=\"http:\/\/forumdooutono.inesctec.pt\/index.php\/edicoes-anteriores\/2016-2\/galeria-multimedia\/\">Galeria Multim\u00e9dia<\/a> | <a href=\"http:\/\/forumdooutono.inesctec.pt\/index.php\/edicoes-anteriores\/2016-2\/apresentacoes-2016\/\">Apresenta\u00e7\u00f5es Oradores<\/a> | <a href=\"http:\/\/forumdooutono.inesctec.pt\/index.php\/edicoes-anteriores\/2016-2\/noticias-2016\/\">Not\u00edcias<\/a><\/p>\n<h5><strong>F\u00f3rum INESC TEC do outono: \u201cA F\u00e1brica do Futuro: que caminhos para a ind\u00fastria no S\u00e9c. XXI?\u201d<br \/>\n<\/strong><\/h5>\n<h5>Data: 20 de outubro de 2016<\/h5>\n<h5>Local: Biblioteca Almeida Garrett, Porto<\/h5>\n<h5>P\u00fablico-alvo: Empresas e colaboradores<\/h5>\n<h5>Programa<\/h5>\n<p>09:30 Rece\u00e7\u00e3o e registo de participantes<\/p>\n<p>10:15 Abertura<\/p>\n<p>Pedro Guedes de Oliveira | INESC TEC\/ FEUP<\/p>\n<p>Jo\u00e3o Falc\u00e3o e Cunha | Diretor da FEUP<\/p>\n<p>10:30 Interven\u00e7\u00e3o convidada<\/p>\n<p>Harald Egner | EU and Research Partnerships Manager at MTC part of High Value Manufacturing Catapult[\/ms_accordion_item]&nbsp;<\/p>\n<p>11:15 Coffee Break<\/p>\n<p>11:45 Interven\u00e7\u00e3o convidada<\/p>\n<p>G\u00fcnter H\u00f6rcher | Head of Research Strategy of the Fraunhofer Institute for Manufacturing Engineering and Automation IPA<\/p>\n<p>12:30 Almo\u00e7o&nbsp;<\/p>\n<p>14:00 Painel de discuss\u00e3o sobre a situa\u00e7\u00e3o portuguesa<\/p>\n<p>Modera\u00e7\u00e3o: Am\u00e9rico Azevedo | INESC TEC \/ FEUP<\/p>\n<p>Participantes convidados:<br \/>\n\u00c2ngelo Ramalho | EFACEC<br \/>\nRui Amorim de Sousa | Cerealis<br \/>\nFortunato Frederico | Kyaia<br \/>\nPedro Silva Matos | Navigator<br \/>\nLu\u00eds Esteves | Amorim &amp; Irm\u00e3os<br \/>\nAnt\u00f3nio Conde |Bosch Termotecnologia<\/p>\n<p>Coffee Break<\/p>\n<p>17:00 Interven\u00e7\u00e3o convidada<\/p>\n<p>Daniel Bessa | Economista \/ Docente da UPorto<\/p>\n<p>17:45 Breve s\u00edntese das discuss\u00f5es e conclus\u00f5es do F\u00f3rum<\/p>\n<p>Jos\u00e9 Carlos Caldeira | Presidente da ANI<\/p>\n<p>18:15 Iniciativas FABTEC (FEUP, INEGI e INESC TEC) e Laborat\u00f3rio Colaborativo em Sistemas Avan\u00e7ados de Produ\u00e7\u00e3o<\/p>\n<p>18:45 Encerramento&#8221; color<\/p>\n<p>Jos\u00e9 Manuel Mendon\u00e7a | Presidente Administra\u00e7\u00e3o INESC TEC \/ FEUP<\/p>\n<p>Manuel Heitor | Ministro da Ci\u00eancia, Tecnologia e Ensino Superior<\/p>\n<p>Porto de Honra<\/p>\n","protected":false},"excerpt":{"rendered":"<p>Galeria Multim\u00e9dia | Apresenta\u00e7\u00f5es Oradores | Not\u00edcias F\u00f3rum INESC TEC do outono: \u201cA F\u00e1brica do Futuro: que caminhos para a ind\u00fastria no S\u00e9c. XXI?\u201d Data: 20 de outubro de 2016 Local: Biblioteca Almeida Garrett, Porto P\u00fablico-alvo: Empresas e colaboradores Programa 09:30 Rece\u00e7\u00e3o e registo de participantes 10:15 Abertura Pedro Guedes de Oliveira | INESC TEC\/ [&hellip;]<\/p>\n","protected":false},"author":2,"featured_media":0,"parent":864,"menu_order":1,"comment_status":"closed","ping_status":"closed","template":"","meta":{"ngg_post_thumbnail":0,"footnotes":""},"_links":{"self":[{"href":"https:\/\/forumdooutono-arquivo.inesctec.pt\/index.php\/wp-json\/wp\/v2\/pages\/868"}],"collection":[{"href":"https:\/\/forumdooutono-arquivo.inesctec.pt\/index.php\/wp-json\/wp\/v2\/pages"}],"about":[{"href":"https:\/\/forumdooutono-arquivo.inesctec.pt\/index.php\/wp-json\/wp\/v2\/types\/page"}],"author":[{"embeddable":true,"href":"https:\/\/forumdooutono-arquivo.inesctec.pt\/index.php\/wp-json\/wp\/v2\/users\/2"}],"replies":[{"embeddable":true,"href":"https:\/\/forumdooutono-arquivo.inesctec.pt\/index.php\/wp-json\/wp\/v2\/comments?post=868"}],"version-history":[{"count":6,"href":"https:\/\/forumdooutono-arquivo.inesctec.pt\/index.php\/wp-json\/wp\/v2\/pages\/868\/revisions"}],"predecessor-version":[{"id":1880,"href":"https:\/\/forumdooutono-arquivo.inesctec.pt\/index.php\/wp-json\/wp\/v2\/pages\/868\/revisions\/1880"}],"up":[{"embeddable":true,"href":"https:\/\/forumdooutono-arquivo.inesctec.pt\/index.php\/wp-json\/wp\/v2\/pages\/864"}],"wp:attachment":[{"href":"https:\/\/forumdooutono-arquivo.inesctec.pt\/index.php\/wp-json\/wp\/v2\/media?parent=868"}],"curies":[{"name":"wp","href":"https:\/\/api.w.org\/{rel}","templated":true}]}}

<p><a href="http://forumdooutono.inesctec.pt/index.php/edicoes-anteriores/2016-2/galeria-multimedia/">Galeria Multimédia</a> | <a href="http://forumdooutono.inesctec.pt/index.php/edicoes-anteriores/2016-2/apresentacoes-2016/">Apresentações Oradores</a> | <a href="http://forumdooutono.inesctec.pt/index.php/edicoes-anteriores/2016-2/noticias-2016/">Notícias</a></p>
<h5><strong>Fórum INESC TEC do outono: “A Fábrica do Futuro: que caminhos para a indústria no Séc. XXI?”<br />
</strong></h5>
<h5>Data: 20 de outubro de 2016</h5>
<h5>Local: Biblioteca Almeida Garrett, Porto</h5>
<h5>Público-alvo: Empresas e colaboradores</h5>
<h5>Programa</h5>
<p>09:30 Receção e registo de participantes</p>
<p>10:15 Abertura</p>
<p>Pedro Guedes de Oliveira | INESC TEC/ FEUP</p>
<p>João Falcão e Cunha | Diretor da FEUP</p>
<p>10:30 Intervenção convidada</p>
<p>Harald Egner | EU and Research Partnerships Manager at MTC part of High Value Manufacturing Catapult[/ms_accordion_item]&nbsp;</p>
<p>11:15 Coffee Break</p>
<p>11:45 Intervenção convidada</p>
<p>Günter Hörcher | Head of Research Strategy of the Fraunhofer Institute for Manufacturing Engineering and Automation IPA</p>
<p>12:30 Almoço&nbsp;</p>
<p>14:00 Painel de discussão sobre a situação portuguesa</p>
<p>Moderação: Américo Azevedo | INESC TEC / FEUP</p>
<p>Participantes convidados:<br />
Ângelo Ramalho | EFACEC<br />
Rui Amorim de Sousa | Cerealis<br />
Fortunato Frederico | Kyaia<br />
Pedro Silva Matos | Navigator<br />
Luís Esteves | Amorim &amp; Irmãos<br />
António Conde |Bosch Termotecnologia</p>
<p>Coffee Break</p>
<p>17:00 Intervenção convidada</p>
<p>Daniel Bessa | Economista / Docente da UPorto</p>
<p>17:45 Breve síntese das discussões e conclusões do Fórum</p>
<p>José Carlos Caldeira | Presidente da ANI</p>
<p>18:15 Iniciativas FABTEC (FEUP, INEGI e INESC TEC) e Laboratório Colaborativo em Sistemas Avançados de Produção</p>
<p>18:45 Encerramento&#8221; color</p>
<p>José Manuel Mendonça | Presidente Administração INESC TEC / FEUP</p>
<p>Manuel Heitor | Ministro da Ciência, Tecnologia e Ensino Superior</p>
<p>Porto de Honra</p>

<p>Galeria Multimédia | Apresentações Oradores | Notícias Fórum INESC TEC do outono: “A Fábrica do Futuro: que caminhos para a indústria no Séc. XXI?” Data: 20 de outubro de 2016 Local: Biblioteca Almeida Garrett, Porto Público-alvo: Empresas e colaboradores Programa 09:30 Receção e registo de participantes 10:15 Abertura Pedro Guedes de Oliveira | INESC TEC/ [&hellip;]</p>
