{"id":40,"date":"2016-07-19T15:37:47","date_gmt":"2016-07-19T15:37:47","guid":{"rendered":"http:\/\/forumdooutono.inesctec.pt\/?page_id=40"},"modified":"2021-11-22T18:32:11","modified_gmt":"2021-11-22T18:32:11","slug":"programa","status":"publish","type":"page","link":"https:\/\/forumdooutono-arquivo.inesctec.pt\/index.php\/programa\/","title":{"rendered":"Programa"},"content":{"rendered":"\n<div style=\"height:20px\" aria-hidden=\"true\" class=\"wp-block-spacer\"><\/div>\n\n\n\n<div class=\"wp-block-group\"><div class=\"wp-block-group__inner-container is-layout-flow wp-block-group-is-layout-flow\">\n<div class=\"wp-block-columns is-layout-flex wp-container-core-columns-is-layout-1 wp-block-columns-is-layout-flex\">\n<div class=\"wp-block-column is-layout-flow wp-block-column-is-layout-flow\" style=\"flex-basis:100%\">\n<h5 class=\"wp-block-heading\">&#8220;INTELIG\u00caNCIA ARTIFICIAL E SA\u00daDE: DESAFIOS E OPORTUNIDADES&#8221;<\/h5>\n\n\n\n<h5 class=\"wp-block-heading\"> Data:&nbsp;23 de novembro de 2021 <\/h5>\n\n\n\n<h5 class=\"wp-block-heading\"> Local:&nbsp;Faculdade de Engenharia da Universidade do Porto (FEUP) &#8211; Audit\u00f3rio<\/h5>\n\n\n\n<h5 class=\"wp-block-heading\"><\/h5>\n\n\n\n<p><\/p>\n\n\n\n<div style=\"height:20px\" aria-hidden=\"true\" class=\"wp-block-spacer\"><\/div>\n\n\n\n<p><strong>15:00 \u203a ABERTURA<\/strong><\/p>\n\n\n\n<p>Jo\u00e3o Claro (INESC TEC\/FEUP)<\/p>\n\n\n\n<p>Jo\u00e3o Falc\u00e3o e Cunha (FEUP)<\/p>\n\n\n\n<div style=\"height:20px\" aria-hidden=\"true\" class=\"wp-block-spacer\"><\/div>\n\n\n\n<p><\/p>\n\n\n\n<p><strong>Interven\u00e7\u00f5es convidadas<\/strong>:<\/p>\n\n\n\n<p><strong>Apresenta\u00e7\u00e3o dos Oradores por<\/strong> <strong>Pedro Guedes de Oliveira (INESC TEC\/FEUP)<\/strong><\/p>\n\n\n\n<p>15:15 \u2013 Dimitrios Fotiadis (Universidade de Ioannina, Gr\u00e9cia) | &#8220;O papel da IA na luta contra a pandemia e em resposta \u00e0s necessidades do setor da sa\u00fade, atrav\u00e9s do processamento e an\u00e1lise federada de dados m\u00e9dicos heterog\u00e9neos&#8221;<\/p>\n\n\n\n<p>15:40 \u2013 Arlindo Oliveira (INESC\/IST) | &#8220;Desenvolvimentos recentes em aplica\u00e7\u00f5es deep learning&#8221;<\/p>\n\n\n\n<div style=\"height:22px\" aria-hidden=\"true\" class=\"wp-block-spacer\"><\/div>\n\n\n\n<p><\/p>\n\n\n\n<p><strong>16:00 \u203a PAINEL<\/strong> | <strong>Moderado por Miguel Coimbra (INESC TEC\/FCUP)<\/strong><\/p>\n\n\n\n<p>Fernando Ara\u00fajo (CHUSJ\/FMUP)<\/p>\n\n\n\n<p>Henrique Barros (ISPUP\/FMUP)<\/p>\n\n\n\n<p>M\u00e1rio Dinis Ribeiro (IPO Porto\/FMUP)<\/p>\n\n\n\n<p>Filipa Fixe (Glintt)<\/p>\n\n\n\n<p><\/p>\n\n\n\n<div style=\"height:23px\" aria-hidden=\"true\" class=\"wp-block-spacer\"><\/div>\n\n\n\n<p><\/p>\n\n\n\n<p> <strong>17:15 \u203a S\u00cdNTESE E CONCLUS\u00d5ES <\/strong><\/p>\n\n\n\n<p>Andrea Cunha Freitas (Jornal P\u00fablico) <\/p>\n\n\n\n<p><\/p>\n\n\n\n<p><\/p>\n\n\n\n<div style=\"height:25px\" aria-hidden=\"true\" class=\"wp-block-spacer\"><\/div>\n\n\n\n<p><strong>17:35 \u203a Assinatura de protocolo de colabora\u00e7\u00e3o entre o INESC TEC e o CHUSJ | com a presen\u00e7a de<\/strong>:<\/p>\n\n\n\n<p> Jo\u00e3o Claro (INESC TEC\/FEUP) <\/p>\n\n\n\n<p> Fernando Ara\u00fajo (CHUSJ\/FMUP) <\/p>\n\n\n\n<p><\/p>\n\n\n\n<div style=\"height:27px\" aria-hidden=\"true\" class=\"wp-block-spacer\"><\/div>\n\n\n\n<p><\/p>\n\n\n\n<p><strong>17:45 \u203a ENCERRAMENTO | com a presen\u00e7a de<\/strong>:<\/p>\n\n\n\n<p>Henrique Barros (ISPUP\/FMUP)<\/p>\n\n\n\n<p>Jos\u00e9 Manuel Mendon\u00e7a (INESC TEC\/FEUP)<\/p>\n\n\n\n<p>Diogo Serras Lopes (Secret\u00e1rio de Estado da Sa\u00fade)<\/p>\n\n\n\n<p>Manuel Heitor (Ministro da Ci\u00eancia, Tecnologia e Ensino Superior)<\/p>\n\n\n\n<p><\/p>\n<\/div>\n<\/div>\n<\/div><\/div>\n\n\n\n<p><\/p>\n\n\n\n<div style=\"height:20px\" aria-hidden=\"true\" class=\"wp-block-spacer\"><\/div>\n","protected":false},"excerpt":{"rendered":"<p>&#8220;INTELIG\u00caNCIA ARTIFICIAL E SA\u00daDE: DESAFIOS E OPORTUNIDADES&#8221; Data:&nbsp;23 de novembro de 2021 Local:&nbsp;Faculdade de Engenharia da Universidade do Porto (FEUP) &#8211; Audit\u00f3rio 15:00 \u203a ABERTURA Jo\u00e3o Claro (INESC TEC\/FEUP) Jo\u00e3o Falc\u00e3o e Cunha (FEUP) Interven\u00e7\u00f5es convidadas: Apresenta\u00e7\u00e3o dos Oradores por Pedro Guedes de Oliveira (INESC TEC\/FEUP) 15:15 \u2013 Dimitrios Fotiadis (Universidade de Ioannina, Gr\u00e9cia) | [&hellip;]<\/p>\n","protected":false},"author":2,"featured_media":0,"parent":0,"menu_order":2,"comment_status":"closed","ping_status":"closed","template":"","meta":{"ngg_post_thumbnail":0,"footnotes":""},"_links":{"self":[{"href":"https:\/\/forumdooutono-arquivo.inesctec.pt\/index.php\/wp-json\/wp\/v2\/pages\/40"}],"collection":[{"href":"https:\/\/forumdooutono-arquivo.inesctec.pt\/index.php\/wp-json\/wp\/v2\/pages"}],"about":[{"href":"https:\/\/forumdooutono-arquivo.inesctec.pt\/index.php\/wp-json\/wp\/v2\/types\/page"}],"author":[{"embeddable":true,"href":"https:\/\/forumdooutono-arquivo.inesctec.pt\/index.php\/wp-json\/wp\/v2\/users\/2"}],"replies":[{"embeddable":true,"href":"https:\/\/forumdooutono-arquivo.inesctec.pt\/index.php\/wp-json\/wp\/v2\/comments?post=40"}],"version-history":[{"count":204,"href":"https:\/\/forumdooutono-arquivo.inesctec.pt\/index.php\/wp-json\/wp\/v2\/pages\/40\/revisions"}],"predecessor-version":[{"id":2846,"href":"https:\/\/forumdooutono-arquivo.inesctec.pt\/index.php\/wp-json\/wp\/v2\/pages\/40\/revisions\/2846"}],"wp:attachment":[{"href":"https:\/\/forumdooutono-arquivo.inesctec.pt\/index.php\/wp-json\/wp\/v2\/media?parent=40"}],"curies":[{"name":"wp","href":"https:\/\/api.w.org\/{rel}","templated":true}]}}

<div style="height:20px" aria-hidden="true" class="wp-block-spacer"></div>



<div class="wp-block-group"><div class="wp-block-group__inner-container is-layout-flow wp-block-group-is-layout-flow">
<div class="wp-block-columns is-layout-flex wp-container-core-columns-is-layout-1 wp-block-columns-is-layout-flex">
<div class="wp-block-column is-layout-flow wp-block-column-is-layout-flow" style="flex-basis:100%">
<h5 class="wp-block-heading">&#8220;INTELIGÊNCIA ARTIFICIAL E SAÚDE: DESAFIOS E OPORTUNIDADES&#8221;</h5>



<h5 class="wp-block-heading"> Data:&nbsp;23 de novembro de 2021 </h5>



<h5 class="wp-block-heading"> Local:&nbsp;Faculdade de Engenharia da Universidade do Porto (FEUP) &#8211; Auditório</h5>



<h5 class="wp-block-heading"></h5>



<p></p>



<div style="height:20px" aria-hidden="true" class="wp-block-spacer"></div>



<p><strong>15:00 › ABERTURA</strong></p>



<p>João Claro (INESC TEC/FEUP)</p>



<p>João Falcão e Cunha (FEUP)</p>



<div style="height:20px" aria-hidden="true" class="wp-block-spacer"></div>



<p></p>



<p><strong>Intervenções convidadas</strong>:</p>



<p><strong>Apresentação dos Oradores por</strong> <strong>Pedro Guedes de Oliveira (INESC TEC/FEUP)</strong></p>



<p>15:15 – Dimitrios Fotiadis (Universidade de Ioannina, Grécia) | &#8220;O papel da IA na luta contra a pandemia e em resposta às necessidades do setor da saúde, através do processamento e análise federada de dados médicos heterogéneos&#8221;</p>



<p>15:40 – Arlindo Oliveira (INESC/IST) | &#8220;Desenvolvimentos recentes em aplicações deep learning&#8221;</p>



<div style="height:22px" aria-hidden="true" class="wp-block-spacer"></div>



<p></p>



<p><strong>16:00 › PAINEL</strong> | <strong>Moderado por Miguel Coimbra (INESC TEC/FCUP)</strong></p>



<p>Fernando Araújo (CHUSJ/FMUP)</p>



<p>Henrique Barros (ISPUP/FMUP)</p>



<p>Mário Dinis Ribeiro (IPO Porto/FMUP)</p>



<p>Filipa Fixe (Glintt)</p>



<p></p>



<div style="height:23px" aria-hidden="true" class="wp-block-spacer"></div>



<p></p>



<p> <strong>17:15 › SÍNTESE E CONCLUSÕES </strong></p>



<p>Andrea Cunha Freitas (Jornal Público) </p>



<p></p>



<p></p>



<div style="height:25px" aria-hidden="true" class="wp-block-spacer"></div>



<p><strong>17:35 › Assinatura de protocolo de colaboração entre o INESC TEC e o CHUSJ | com a presença de</strong>:</p>



<p> João Claro (INESC TEC/FEUP) </p>



<p> Fernando Araújo (CHUSJ/FMUP) </p>



<p></p>



<div style="height:27px" aria-hidden="true" class="wp-block-spacer"></div>



<p></p>



<p><strong>17:45 › ENCERRAMENTO | com a presença de</strong>:</p>



<p>Henrique Barros (ISPUP/FMUP)</p>



<p>José Manuel Mendonça (INESC TEC/FEUP)</p>



<p>Diogo Serras Lopes (Secretário de Estado da Saúde)</p>



<p>Manuel Heitor (Ministro da Ciência, Tecnologia e Ensino Superior)</p>



<p></p>
</div>
</div>
</div></div>



<p></p>



<div style="height:20px" aria-hidden="true" class="wp-block-spacer"></div>

<p>&#8220;INTELIGÊNCIA ARTIFICIAL E SAÚDE: DESAFIOS E OPORTUNIDADES&#8221; Data:&nbsp;23 de novembro de 2021 Local:&nbsp;Faculdade de Engenharia da Universidade do Porto (FEUP) &#8211; Auditório 15:00 › ABERTURA João Claro (INESC TEC/FEUP) João Falcão e Cunha (FEUP) Intervenções convidadas: Apresentação dos Oradores por Pedro Guedes de Oliveira (INESC TEC/FEUP) 15:15 – Dimitrios Fotiadis (Universidade de Ioannina, Grécia) | [&hellip;]</p>
