{"id":1496,"date":"2018-07-10T11:22:55","date_gmt":"2018-07-10T11:22:55","guid":{"rendered":"http:\/\/forumdooutono.inesctec.pt\/?page_id=1496"},"modified":"2019-07-29T11:20:20","modified_gmt":"2019-07-29T11:20:20","slug":"programa-2017","status":"publish","type":"page","link":"https:\/\/forumdooutono-arquivo.inesctec.pt\/index.php\/edicoes-anteriores\/english-2017\/programa-2017\/","title":{"rendered":"Programa 2017"},"content":{"rendered":"<p><a href=\"http:\/\/forumdooutono.inesctec.pt\/index.php\/edicoes-anteriores\/english-2017\/apresentacoes-2107\/?lang=pt\">Apresenta\u00e7\u00f5es Oradores<\/a>&nbsp;| <a href=\"http:\/\/forumdooutono.inesctec.pt\/index.php\/edicoes-anteriores\/english-2017\/galeria-multimedia-2017\/?customize_changeset_uuid=f40adaa8-406b-4605-bc92-61475d44400c&amp;customize_autosaved=on&amp;lang=pt\" class=\"broken_link\">Galeria Multim\u00e9dia<\/a>&nbsp;|&nbsp;<a href=\"http:\/\/forumdooutono.inesctec.pt\/index.php\/edicoes-anteriores\/english-2017\/noticias-2017\/?customize_changeset_uuid=f40adaa8-406b-4605-bc92-61475d44400c&amp;customize_autosaved=on&amp;lang=pt\" class=\"broken_link\">Not\u00edcias<\/a><\/p>\n<h5><span style=\"color: #55b1cb;\">&#8220;Engenharia Oce\u00e2nica: desafios e oportunidades?&#8221;<\/span><\/h5>\n<h5>Data: 11 de outubro de 2017<\/h5>\n<h5>Local: Biblioteca Almeida Garrett, Porto<\/h5>\n<h5>P\u00fablico-alvo: Empresas e outras institui\u00e7\u00f5es<\/h5>\n<p>&nbsp;10:30 Rece\u00e7\u00e3o e registo de participantes<\/p>\n<p>11:00 Abertura<\/p>\n<p><span style=\"color: #008eb3;\">Pedro Guedes de Oliveira <\/span>| INESC TEC\/ FEUP<\/p>\n<p><span style=\"color: #008eb3;\">Maria Jo\u00e3o Ramos<\/span> | Vice-Reitora da U. Porto[\/ms_accordion_item]&nbsp;<\/p>\n<p>11:15 Interven\u00e7\u00e3o convidada<\/p>\n<p><span style=\"color: #008eb3;\">Rui Marcelino <\/span>| Alma Design&nbsp;&nbsp;<\/p>\n<p>11:50 Interven\u00e7\u00e3o convidada<\/p>\n<p><span style=\"color: #008eb3;\">Ant\u00f3nio Nogueira Leite <\/span>| F\u00f3rum Oceano&nbsp;<\/p>\n<p>12:30 Almo\u00e7o<\/p>\n<p>14:30 Sess\u00e3o da Tarde 1: Energia<br \/>\nKeynote Speach: <span style=\"color: #008eb3;\">Ant\u00f3nio Vidigal <\/span>| EDP<\/p>\n<p>Moderador: <span style=\"color: #008eb3;\">Lu\u00eds Seca <\/span>| INESC TEC<\/p>\n<p>Participantes convidados:<br \/>\n<span style=\"color: #008eb3;\">Ant\u00f3nio Vidigal <\/span>| EDP<br \/>\n<span style=\"color: #008eb3;\">Ant\u00f3nio Sarmento <\/span>| Wavetec<br \/>\n<span style=\"color: #008eb3;\">Jorge Magalh\u00e3es <\/span>| VESTAS<br \/>\n<span style=\"color: #008eb3;\">Cl\u00e1udia Pinheiro <\/span>| A.Silva Matos<br \/>\n<span style=\"color: #008eb3;\">J\u00f6rg M\u00fcller <\/span>| Offshore Manager<\/p>\n<p>16:00 Intervalo para caf\u00e9<\/p>\n<p>16:30 Sess\u00e3o da Tarde 2: Porto e Transportes<br \/>\nKeynote Speach: <span style=\"color: #008eb3;\">Rui Azevedo <\/span>| F\u00f3rum Oceano<\/p>\n<p>Moderador: <span style=\"color: #008eb3;\">Paulo M\u00f3nica <\/span>| INESC TEC<\/p>\n<p>Participantes convidados:<br \/>\n<span style=\"color: #008eb3;\">Rui Azevedo<\/span>| F\u00f3rum Oceano<br \/>\n<span style=\"color: #008eb3;\">Em\u00edlio Br\u00f3gueira Dias <\/span><br \/>\n<span style=\"color: #008eb3;\">Urbano Gomes <span style=\"color: #424242;\">| TRANSINSULAR<\/span><\/span><br \/>\n<span style=\"color: #008eb3;\">Pedro Paulouro <\/span>| Arsenal do Alfeite<\/p>\n<p>18:00 S\u00edntese e Conclus\u00f5es<\/p>\n<p><span style=\"color: #008eb3;\">Manuel Carvalho <\/span>| P\u00daBLICO<\/p>\n<p>18:20 Apresenta\u00e7\u00e3o do livro &#8216;Three decades creating knowledge, talent and value&#8217;<\/p>\n<p><span style=\"color: #008eb3;\">Artur Pimenta Alves <\/span>| INESC TEC \/ FEUP<\/p>\n<p><em>O livro \u00e9 uma vers\u00e3o em papel da s\u00e9rie de 30 document\u00e1rios transmitidos pela RTP3, que marcaram o 30\u00ba anivers\u00e1rio do INESC TEC, e que procuram explicar as diferentes \u00e1reas de especializa\u00e7\u00e3o desde rob\u00f3tica mar\u00edtima a log\u00edstica, ve\u00edculos el\u00e9tricos ou aquacultura.<\/em><\/p>\n<p><em>O livro ilustra tamb\u00e9m alguns marcos na hist\u00f3ria do INESC no Porto, ao longo destas tr\u00eas d\u00e9cadas.<\/em><\/p>\n<p>18:30 Encerramento<\/p>\n<p><span style=\"color: #008eb3;\">Jos\u00e9 Manuel Mendon\u00e7a<\/span> | Presidente Administra\u00e7\u00e3o INESC TEC \/ FEUP<\/p>\n<p><span style=\"color: #008eb3;\">Manuel Heitor<\/span> | Ministro da Ci\u00eancia, Tecnologia e Ensino Superior<\/p>\n<p>19:00 Porto de Honra<\/p>\n","protected":false},"excerpt":{"rendered":"<p>Apresenta\u00e7\u00f5es Oradores&nbsp;| Galeria Multim\u00e9dia&nbsp;|&nbsp;Not\u00edcias &#8220;Engenharia Oce\u00e2nica: desafios e oportunidades?&#8221; Data: 11 de outubro de 2017 Local: Biblioteca Almeida Garrett, Porto P\u00fablico-alvo: Empresas e outras institui\u00e7\u00f5es &nbsp;10:30 Rece\u00e7\u00e3o e registo de participantes 11:00 Abertura Pedro Guedes de Oliveira | INESC TEC\/ FEUP Maria Jo\u00e3o Ramos | Vice-Reitora da U. Porto[\/ms_accordion_item]&nbsp; 11:15 Interven\u00e7\u00e3o convidada Rui Marcelino | [&hellip;]<\/p>\n","protected":false},"author":2,"featured_media":0,"parent":1493,"menu_order":0,"comment_status":"closed","ping_status":"closed","template":"","meta":{"ngg_post_thumbnail":0,"footnotes":""},"_links":{"self":[{"href":"https:\/\/forumdooutono-arquivo.inesctec.pt\/index.php\/wp-json\/wp\/v2\/pages\/1496"}],"collection":[{"href":"https:\/\/forumdooutono-arquivo.inesctec.pt\/index.php\/wp-json\/wp\/v2\/pages"}],"about":[{"href":"https:\/\/forumdooutono-arquivo.inesctec.pt\/index.php\/wp-json\/wp\/v2\/types\/page"}],"author":[{"embeddable":true,"href":"https:\/\/forumdooutono-arquivo.inesctec.pt\/index.php\/wp-json\/wp\/v2\/users\/2"}],"replies":[{"embeddable":true,"href":"https:\/\/forumdooutono-arquivo.inesctec.pt\/index.php\/wp-json\/wp\/v2\/comments?post=1496"}],"version-history":[{"count":7,"href":"https:\/\/forumdooutono-arquivo.inesctec.pt\/index.php\/wp-json\/wp\/v2\/pages\/1496\/revisions"}],"predecessor-version":[{"id":1885,"href":"https:\/\/forumdooutono-arquivo.inesctec.pt\/index.php\/wp-json\/wp\/v2\/pages\/1496\/revisions\/1885"}],"up":[{"embeddable":true,"href":"https:\/\/forumdooutono-arquivo.inesctec.pt\/index.php\/wp-json\/wp\/v2\/pages\/1493"}],"wp:attachment":[{"href":"https:\/\/forumdooutono-arquivo.inesctec.pt\/index.php\/wp-json\/wp\/v2\/media?parent=1496"}],"curies":[{"name":"wp","href":"https:\/\/api.w.org\/{rel}","templated":true}]}}