{"id":44,"date":"2016-07-19T15:39:45","date_gmt":"2016-07-19T15:39:45","guid":{"rendered":"http:\/\/forumdooutono.inesctec.pt\/?page_id=44"},"modified":"2023-11-20T09:14:39","modified_gmt":"2023-11-20T09:14:39","slug":"inscricoes","status":"publish","type":"page","link":"https:\/\/forumdooutono.inesctec.pt\/index.php\/inscricoes\/","title":{"rendered":"Inscri\u00e7\u00f5es"},"content":{"rendered":"\t\t<div data-elementor-type=\"wp-page\" data-elementor-id=\"44\" class=\"elementor elementor-44\">\n\t\t\t\t\t\t<section class=\"elementor-section elementor-top-section elementor-element elementor-element-88b770f elementor-section-boxed elementor-section-height-default elementor-section-height-default\" data-id=\"88b770f\" data-element_type=\"section\">\n\t\t\t\t\t\t<div class=\"elementor-container elementor-column-gap-default\">\n\t\t\t\t\t<div class=\"elementor-column elementor-col-100 elementor-top-column elementor-element elementor-element-ccd664f\" data-id=\"ccd664f\" data-element_type=\"column\">\n\t\t\t<div class=\"elementor-widget-wrap elementor-element-populated\">\n\t\t\t\t\t\t<div class=\"elementor-element elementor-element-1276689 elementor-widget elementor-widget-text-editor\" data-id=\"1276689\" data-element_type=\"widget\" data-widget_type=\"text-editor.default\">\n\t\t\t\t<div class=\"elementor-widget-container\">\n\t\t\t\t\t\t\t<p><em>As inscri\u00e7\u00f5es encontram-se encerradas.\u00a0<\/em><\/p>\t\t\t\t\t\t<\/div>\n\t\t\t\t<\/div>\n\t\t\t\t\t<\/div>\n\t\t<\/div>\n\t\t\t\t\t<\/div>\n\t\t<\/section>\n\t\t\t\t<section class=\"elementor-section elementor-top-section elementor-element elementor-element-ea78371 elementor-section-boxed elementor-section-height-default elementor-section-height-default\" data-id=\"ea78371\" data-element_type=\"section\">\n\t\t\t\t\t\t<div class=\"elementor-container elementor-column-gap-default\">\n\t\t\t\t\t<div class=\"elementor-column elementor-col-100 elementor-top-column elementor-element elementor-element-0d9d03e\" data-id=\"0d9d03e\" data-element_type=\"column\">\n\t\t\t<div class=\"elementor-widget-wrap elementor-element-populated\">\n\t\t\t\t\t\t<div class=\"elementor-element elementor-element-d2d4748 elementor-widget elementor-widget-spacer\" data-id=\"d2d4748\" data-element_type=\"widget\" data-widget_type=\"spacer.default\">\n\t\t\t\t<div class=\"elementor-widget-container\">\n\t\t\t\t\t<div class=\"elementor-spacer\">\n\t\t\t<div class=\"elementor-spacer-inner\"><\/div>\n\t\t<\/div>\n\t\t\t\t<\/div>\n\t\t\t\t<\/div>\n\t\t\t\t\t<\/div>\n\t\t<\/div>\n\t\t\t\t\t<\/div>\n\t\t<\/section>\n\t\t\t\t<section class=\"elementor-section elementor-top-section elementor-element elementor-element-6dd48cee elementor-section-boxed elementor-section-height-default elementor-section-height-default\" data-id=\"6dd48cee\" data-element_type=\"section\">\n\t\t\t\t\t\t<div class=\"elementor-container elementor-column-gap-default\">\n\t\t\t\t\t<div class=\"elementor-column elementor-col-100 elementor-top-column elementor-element elementor-element-797b6131\" data-id=\"797b6131\" data-element_type=\"column\">\n\t\t\t<div class=\"elementor-widget-wrap elementor-element-populated\">\n\t\t\t\t\t\t<div class=\"elementor-element elementor-element-1b0da67 elementor-widget elementor-widget-text-editor\" data-id=\"1b0da67\" data-element_type=\"widget\" data-widget_type=\"text-editor.default\">\n\t\t\t\t<div class=\"elementor-widget-container\">\n\t\t\t\t\t\t\t<p><em><strong style=\"color: var( --e-global-color-text ); font-family: var( --e-global-typography-text-font-family );\">Pol\u00edtica de Privacidade<\/strong><\/em><\/p>\n<p><em>Os dados pessoais recolhidos ao inscrever-se neste evento ser\u00e3o utilizados apenas pelo INESC TEC, e exclusivamente para efeitos da inscri\u00e7\u00e3o e gest\u00e3o do evento, sendo eliminados no prazo de 90 dias \u00fateis ap\u00f3s a sua realiza\u00e7\u00e3o.<\/em><\/p>\n<p><em>Neste evento ser\u00e3o captados fotografias e v\u00eddeos que poder\u00e3o ser utilizados apenas para fins promocionais e informativos. Assim, o INESC TEC poder\u00e1 utilizar a fotografia\/v\u00eddeo em publica\u00e7\u00f5es tais como websites, boletins informativos ou plataformas de redes sociais, entre outros. Se n\u00e3o pretende que sua imagem seja gravada para divulga\u00e7\u00e3o, por favor informe o\/a fot\u00f3grafo\/a e\/ou os organizadores do evento.<\/em><\/p>\n<p><em>No INESC TEC o encarregado de prote\u00e7\u00e3o de dados chama-se Vasco Dias e est\u00e1 dispon\u00edvel atrav\u00e9s do e-mail dpo@inesctec.pt. Poder\u00e1 contact\u00e1-lo para quaisquer quest\u00f5es relacionadas com o tratamento de dados pessoais ou o exerc\u00edcio dos seus direitos acima referidos.<\/em><\/p>\t\t\t\t\t\t<\/div>\n\t\t\t\t<\/div>\n\t\t\t\t\t<\/div>\n\t\t<\/div>\n\t\t\t\t\t<\/div>\n\t\t<\/section>\n\t\t\t\t<\/div>\n\t\t","protected":false},"excerpt":{"rendered":"<p>As inscri\u00e7\u00f5es encontram-se encerradas.\u00a0 Pol\u00edtica de Privacidade Os dados pessoais recolhidos ao inscrever-se neste evento ser\u00e3o utilizados apenas pelo INESC TEC, e exclusivamente para efeitos da inscri\u00e7\u00e3o e gest\u00e3o do evento, sendo eliminados no prazo de 90 dias \u00fateis ap\u00f3s a sua realiza\u00e7\u00e3o. Neste evento ser\u00e3o captados fotografias e v\u00eddeos que poder\u00e3o ser utilizados apenas [&hellip;]<\/p>\n","protected":false},"author":2,"featured_media":0,"parent":0,"menu_order":3,"comment_status":"closed","ping_status":"closed","template":"","meta":{"ngg_post_thumbnail":0,"footnotes":""},"class_list":["post-44","page","type-page","status-publish","hentry"],"_links":{"self":[{"href":"https:\/\/forumdooutono.inesctec.pt\/index.php\/wp-json\/wp\/v2\/pages\/44"}],"collection":[{"href":"https:\/\/forumdooutono.inesctec.pt\/index.php\/wp-json\/wp\/v2\/pages"}],"about":[{"href":"https:\/\/forumdooutono.inesctec.pt\/index.php\/wp-json\/wp\/v2\/types\/page"}],"author":[{"embeddable":true,"href":"https:\/\/forumdooutono.inesctec.pt\/index.php\/wp-json\/wp\/v2\/users\/2"}],"replies":[{"embeddable":true,"href":"https:\/\/forumdooutono.inesctec.pt\/index.php\/wp-json\/wp\/v2\/comments?post=44"}],"version-history":[{"count":71,"href":"https:\/\/forumdooutono.inesctec.pt\/index.php\/wp-json\/wp\/v2\/pages\/44\/revisions"}],"predecessor-version":[{"id":4199,"href":"https:\/\/forumdooutono.inesctec.pt\/index.php\/wp-json\/wp\/v2\/pages\/44\/revisions\/4199"}],"wp:attachment":[{"href":"https:\/\/forumdooutono.inesctec.pt\/index.php\/wp-json\/wp\/v2\/media?parent=44"}],"curies":[{"name":"wp","href":"https:\/\/api.w.org\/{rel}","templated":true}]}}