{"id":36,"date":"2016-07-19T15:36:49","date_gmt":"2016-07-19T15:36:49","guid":{"rendered":"http:\/\/forumdooutono.inesctec.pt\/?page_id=36"},"modified":"2023-10-20T15:25:36","modified_gmt":"2023-10-20T15:25:36","slug":"boas-vindas","status":"publish","type":"page","link":"https:\/\/forumdooutono.inesctec.pt\/index.php\/boas-vindas\/","title":{"rendered":"Apresenta\u00e7\u00e3o"},"content":{"rendered":"\t\t<div data-elementor-type=\"wp-page\" data-elementor-id=\"36\" class=\"elementor elementor-36\">\n\t\t\t\t\t\t<section class=\"elementor-section elementor-top-section elementor-element elementor-element-24d1651 elementor-section-boxed elementor-section-height-default elementor-section-height-default\" data-id=\"24d1651\" data-element_type=\"section\">\n\t\t\t\t\t\t<div class=\"elementor-container elementor-column-gap-default\">\n\t\t\t\t\t<div class=\"elementor-column elementor-col-100 elementor-top-column elementor-element elementor-element-bc08ff5\" data-id=\"bc08ff5\" data-element_type=\"column\">\n\t\t\t<div class=\"elementor-widget-wrap elementor-element-populated\">\n\t\t\t\t\t\t<div class=\"elementor-element elementor-element-a79fc45 elementor-widget elementor-widget-heading\" data-id=\"a79fc45\" data-element_type=\"widget\" data-widget_type=\"heading.default\">\n\t\t\t\t<div class=\"elementor-widget-container\">\n\t\t\t<h4 class=\"elementor-heading-title elementor-size-default\">ECOSSISTEMAS DE INOVA\u00c7\u00c3O \u2013 O PAPEL DAS ENTIDADES DE INTERFACE<\/h4>\t\t<\/div>\n\t\t\t\t<\/div>\n\t\t\t\t\t<\/div>\n\t\t<\/div>\n\t\t\t\t\t<\/div>\n\t\t<\/section>\n\t\t\t\t<section class=\"elementor-section elementor-top-section elementor-element elementor-element-75bb45c elementor-section-boxed elementor-section-height-default elementor-section-height-default\" data-id=\"75bb45c\" data-element_type=\"section\">\n\t\t\t\t\t\t<div class=\"elementor-container elementor-column-gap-default\">\n\t\t\t\t\t<div class=\"elementor-column elementor-col-100 elementor-top-column elementor-element elementor-element-f1f6904\" data-id=\"f1f6904\" data-element_type=\"column\">\n\t\t\t<div class=\"elementor-widget-wrap elementor-element-populated\">\n\t\t\t\t\t\t<div class=\"elementor-element elementor-element-438c2f6 elementor-widget elementor-widget-text-editor\" data-id=\"438c2f6\" data-element_type=\"widget\" data-widget_type=\"text-editor.default\">\n\t\t\t\t<div class=\"elementor-widget-container\">\n\t\t\t\t\t\t\t<p><b>8\u00ba F\u00f3rum INESC TEC do Outono<\/b><\/p><p><b>21 de novembro 2023 | Faculdade de Engenharia da Universidade do Porto (FEUP)<\/b><\/p>\t\t\t\t\t\t<\/div>\n\t\t\t\t<\/div>\n\t\t\t\t\t<\/div>\n\t\t<\/div>\n\t\t\t\t\t<\/div>\n\t\t<\/section>\n\t\t\t\t<section class=\"elementor-section elementor-top-section elementor-element elementor-element-1d75ae3 elementor-section-boxed elementor-section-height-default elementor-section-height-default\" data-id=\"1d75ae3\" data-element_type=\"section\">\n\t\t\t\t\t\t<div class=\"elementor-container elementor-column-gap-default\">\n\t\t\t\t\t<div class=\"elementor-column elementor-col-100 elementor-top-column elementor-element elementor-element-a79fd9f\" data-id=\"a79fd9f\" data-element_type=\"column\">\n\t\t\t<div class=\"elementor-widget-wrap elementor-element-populated\">\n\t\t\t\t\t\t<div class=\"elementor-element elementor-element-6f122a1 elementor-widget elementor-widget-spacer\" data-id=\"6f122a1\" data-element_type=\"widget\" data-widget_type=\"spacer.default\">\n\t\t\t\t<div class=\"elementor-widget-container\">\n\t\t\t\t\t<div class=\"elementor-spacer\">\n\t\t\t<div class=\"elementor-spacer-inner\"><\/div>\n\t\t<\/div>\n\t\t\t\t<\/div>\n\t\t\t\t<\/div>\n\t\t\t\t\t<\/div>\n\t\t<\/div>\n\t\t\t\t\t<\/div>\n\t\t<\/section>\n\t\t\t\t<section class=\"elementor-section elementor-top-section elementor-element elementor-element-94038b3 elementor-section-boxed elementor-section-height-default elementor-section-height-default\" data-id=\"94038b3\" data-element_type=\"section\">\n\t\t\t\t\t\t<div class=\"elementor-container elementor-column-gap-default\">\n\t\t\t\t\t<div class=\"elementor-column elementor-col-100 elementor-top-column elementor-element elementor-element-0b720a2\" data-id=\"0b720a2\" data-element_type=\"column\">\n\t\t\t<div class=\"elementor-widget-wrap elementor-element-populated\">\n\t\t\t\t\t\t<div class=\"elementor-element elementor-element-c96fb8d elementor-widget elementor-widget-text-editor\" data-id=\"c96fb8d\" data-element_type=\"widget\" data-widget_type=\"text-editor.default\">\n\t\t\t\t<div class=\"elementor-widget-container\">\n\t\t\t\t\t\t\t<p><span data-contrast=\"auto\">O F\u00f3rum <\/span><span data-contrast=\"auto\">INESC TEC <\/span><span data-contrast=\"auto\">de Outono<\/span><span data-contrast=\"auto\">, que ter\u00e1 este ano a sua oitava edi\u00e7\u00e3o dedicada&nbsp;<\/span><span data-contrast=\"auto\"> \u00e0<\/span><span data-contrast=\"auto\">s quest\u00f5es da inova\u00e7\u00e3o e ao papel das entidades de interface, <\/span><span data-contrast=\"auto\">\u00e9 uma iniciativa anual que visa promover um espa\u00e7o de discuss\u00e3o de temas de grande interesse <\/span><span data-contrast=\"auto\">para <\/span><span data-contrast=\"auto\">a economia <\/span><span data-contrast=\"auto\">e <\/span><span data-contrast=\"auto\">as pol\u00edticas p\u00fablicas<\/span><span data-contrast=\"auto\"> e em que <\/span><span data-contrast=\"auto\">a ci\u00eancia e <\/span><span data-contrast=\"auto\">a <\/span><span data-contrast=\"auto\">tecnologia<\/span><span data-contrast=\"auto\"> t\u00eam um papel determinante<\/span><span data-contrast=\"auto\">. O objetivo \u00e9 juntar individualidades <\/span><span data-contrast=\"auto\">de relevo da comunidade nacional e internacional<\/span><span data-contrast=\"auto\">, colocando em confronto a sociedade civil, os agentes econ\u00f3micos, as entidades p\u00fablicas, <\/span><span data-contrast=\"auto\">e representantes d<\/span><span data-contrast=\"auto\">o sistema nacional de ci\u00eancia e ensino superior,<\/span><span data-contrast=\"auto\"> que nos possam trazer as suas <\/span><span data-contrast=\"auto\">contribui\u00e7\u00f5es<\/span><span data-contrast=\"auto\">, procurando <\/span><span data-contrast=\"auto\">valoriza<\/span><span data-contrast=\"auto\">r <\/span><span data-contrast=\"auto\">o conhecimento e <\/span><span data-contrast=\"auto\">a <\/span><span data-contrast=\"auto\">qualifica\u00e7\u00e3o dos recursos humanos<\/span><span data-contrast=\"auto\">, essenciais na promo\u00e7\u00e3o de<\/span><span data-contrast=\"auto\"> um pa\u00eds mais coeso, mais desenvolvido e mais competitivo.<\/span><span data-ccp-props=\"{&quot;201341983&quot;:2,&quot;335559739&quot;:120,&quot;335559740&quot;:240}\">&nbsp;<\/span><\/p>\n<p><span data-contrast=\"auto\">O <\/span><span data-contrast=\"auto\">F<\/span><span data-contrast=\"auto\">\u00f3rum de <\/span><span data-contrast=\"auto\">O<\/span><span data-contrast=\"auto\">utono teve a sua primeira edi\u00e7\u00e3o em 2015, inserido na comemora\u00e7\u00e3o dos 30 anos do INESC no Porto e teve espectro amplo, abordando <\/span><span data-contrast=\"auto\">um conjunto de temas em que<\/span> <span data-contrast=\"auto\">o INESC TEC tem, desde sempre, estado envolvido, nomeadamente a <\/span><span data-contrast=\"auto\">Sa\u00fade, <\/span><span data-contrast=\"auto\">o <\/span><span data-contrast=\"auto\">Mar, <\/span><span data-contrast=\"auto\">a <\/span><span data-contrast=\"auto\">Energia e<\/span><span data-contrast=\"auto\"> a<\/span><span data-contrast=\"auto\"> Ind\u00fastria<\/span><span data-contrast=\"auto\">.&nbsp;<\/span><span data-ccp-props=\"{&quot;201341983&quot;:2,&quot;335559739&quot;:120,&quot;335559740&quot;:240}\">&nbsp;<\/span><\/p>\n<p><span data-contrast=\"auto\">Nos anos seguintes, os eventos procuraram concentrar-se num \u00fanico tema e, com exce\u00e7\u00e3o de 2020, por causa da pandemia \u2014 cujo evento teve lugar j\u00e1 em 2021\u2014, tiveram uma regularidade anual.&nbsp; Essas seis ocorr\u00eancias tiveram como tema, em 2016 \u201c<\/span><i><span data-contrast=\"auto\">A F\u00e1brica do Futuro: que caminho para a ind\u00fastria no s\u00e9culo XXI?<\/span><\/i><span data-contrast=\"auto\">\u201d, em 2017 a \u201c<\/span><i><span data-contrast=\"auto\">Engenharia Oce\u00e2nica: desafios e oportunidades<\/span><\/i><span data-contrast=\"auto\">\u201d, em 2018 \u201c<\/span><i><span data-contrast=\"auto\">As empresas que fazem o digital e as empresas que o digital refaz<\/span><\/i><span data-contrast=\"auto\">\u201d, em 2019 \u201c<\/span><i><span data-contrast=\"auto\">A (re)volu\u00e7\u00e3o digital no agro-alimentar e floresta<\/span><\/i><span data-contrast=\"auto\">\u201d, em 2021 \u201c<\/span><i><span data-contrast=\"auto\">Intelig\u00eancia Artificial e Medicina: Desafios e Oportunidades<\/span><\/i><span data-contrast=\"auto\">\u201d e, finalmente, em 2022 \u201c<\/span><i><span data-contrast=\"auto\">A acelera\u00e7\u00e3o da descarboniza\u00e7\u00e3o da economia<\/span><\/i><span data-contrast=\"auto\">\u201d.<\/span><span data-ccp-props=\"{&quot;201341983&quot;:2,&quot;335559739&quot;:120,&quot;335559740&quot;:240}\">&nbsp;<\/span><\/p>\n<p><span data-contrast=\"auto\">Neste ano de 2023, em que assume grande relev\u00e2ncia o PPR e, em particular, as Agendas<\/span> <span data-contrast=\"auto\">Mobilizadoras para a Inova\u00e7\u00e3o Empresarial, em que procuramos ser capazes de passar por cima do tantas vezes invocado \u201cVale da Morte\u201d, pens\u00e1mos que seria oportuno convocar<\/span><span data-contrast=\"auto\"> as entidades nacionais que comp\u00f5em o ecossistema de inova\u00e7\u00e3o <\/span><span data-contrast=\"auto\">para<\/span><span data-contrast=\"auto\"> debater com elas como desenvolv\u00ea-lo <\/span><span data-contrast=\"auto\">quer <\/span><span data-contrast=\"auto\">a partir da realidade atual<\/span><span data-contrast=\"auto\">, <\/span><span data-contrast=\"auto\">com base em <\/span><span data-contrast=\"auto\">relevantes <\/span><span data-contrast=\"auto\">exemplos nacionais e internacionais<\/span><span data-contrast=\"auto\">,<\/span> <span data-contrast=\"auto\">tendo como perspetiva o lugar central que<\/span><span data-contrast=\"auto\"> as entidades de interface <\/span><span data-contrast=\"auto\">t\u00eam<\/span><span data-contrast=\"auto\"> nesse processo.<\/span><span data-ccp-props=\"{&quot;201341983&quot;:2,&quot;335559739&quot;:120,&quot;335559740&quot;:240}\">&nbsp;<\/span><\/p>\n<p><span data-contrast=\"auto\">Utilizando uma perspetiva mais conceptual e alguns exemplos ilustrativos, pretende-se aprofundar o conhecimento e a compreens\u00e3o <\/span><span data-contrast=\"auto\">d<\/span><span data-contrast=\"auto\">as principais din\u00e2micas dos ciclos de inova\u00e7\u00e3o, <\/span><span data-contrast=\"auto\">do papel d<\/span><span data-contrast=\"auto\">os principais atores e <\/span><span data-contrast=\"auto\">d<\/span><span data-contrast=\"auto\">a sua interven\u00e7\u00e3o e posicionamento, <\/span><span data-contrast=\"auto\">bem<\/span><span data-contrast=\"auto\"> como <\/span><span data-contrast=\"auto\">d<\/span><span data-contrast=\"auto\">as respetivas intera\u00e7\u00f5es.&nbsp;<\/span><span data-ccp-props=\"{&quot;201341983&quot;:2,&quot;335559739&quot;:120,&quot;335559740&quot;:240}\">&nbsp;<\/span><\/p>\n<p><span data-contrast=\"auto\">Com este intuito, depois de tr\u00eas interven\u00e7\u00f5es iniciais com uma perspetiva nacional e internacional veiculadas por individualidades com grande experi\u00eancia no terreno, procuraremos, em dois pain\u00e9is de discuss\u00e3o, debater, no primeiro, o papel das entidades de interface, o seu posicionamento e as suas inter-rela\u00e7\u00f5es, e, no segundo, os modelos de opera\u00e7\u00e3o e financiamento e o papel do Estado.<\/span><span data-ccp-props=\"{&quot;201341983&quot;:2,&quot;335559739&quot;:120,&quot;335559740&quot;:240}\">&nbsp;<\/span><\/p>\n<p><span data-contrast=\"auto\">Finalmente, o Presidente da Comiss\u00e3o Executiva do INESC TEC procurar\u00e1 n\u00e3o s\u00f3 fazer a s\u00edntese das v\u00e1rias apresenta\u00e7\u00f5es como perspetivar o papel das institui\u00e7\u00f5es de investiga\u00e7\u00e3o e tecnologia (conhecidas pela sigla inglesa, RTO \u2014 <\/span><i><span data-contrast=\"auto\">Research and Technology Organisations<\/span><\/i><span data-contrast=\"auto\">) numa \u00f3tica de futuro e tendo em conta a sua inser\u00e7\u00e3o quer no contexto nacional quer europeu.<\/span><span data-ccp-props=\"{&quot;201341983&quot;:2,&quot;335559739&quot;:120,&quot;335559740&quot;:240}\">&nbsp;<\/span><\/p><p><span data-ccp-props=\"{&quot;201341983&quot;:2,&quot;335559739&quot;:120,&quot;335559740&quot;:240}\"><br><\/span><\/p>\t\t\t\t\t\t<\/div>\n\t\t\t\t<\/div>\n\t\t\t\t\t<\/div>\n\t\t<\/div>\n\t\t\t\t\t<\/div>\n\t\t<\/section>\n\t\t\t\t<\/div>\n\t\t","protected":false},"excerpt":{"rendered":"<p>ECOSSISTEMAS DE INOVA\u00c7\u00c3O \u2013 O PAPEL DAS ENTIDADES DE INTERFACE 8\u00ba F\u00f3rum INESC TEC do Outono 21 de novembro 2023 | Faculdade de Engenharia da Universidade do Porto (FEUP) O F\u00f3rum INESC TEC de Outono, que ter\u00e1 este ano a sua oitava edi\u00e7\u00e3o dedicada&nbsp; \u00e0s quest\u00f5es da inova\u00e7\u00e3o e ao papel das entidades de interface, [&hellip;]<\/p>\n","protected":false},"author":2,"featured_media":0,"parent":0,"menu_order":1,"comment_status":"closed","ping_status":"closed","template":"","meta":{"ngg_post_thumbnail":0,"footnotes":""},"class_list":["post-36","page","type-page","status-publish","hentry"],"_links":{"self":[{"href":"https:\/\/forumdooutono.inesctec.pt\/index.php\/wp-json\/wp\/v2\/pages\/36"}],"collection":[{"href":"https:\/\/forumdooutono.inesctec.pt\/index.php\/wp-json\/wp\/v2\/pages"}],"about":[{"href":"https:\/\/forumdooutono.inesctec.pt\/index.php\/wp-json\/wp\/v2\/types\/page"}],"author":[{"embeddable":true,"href":"https:\/\/forumdooutono.inesctec.pt\/index.php\/wp-json\/wp\/v2\/users\/2"}],"replies":[{"embeddable":true,"href":"https:\/\/forumdooutono.inesctec.pt\/index.php\/wp-json\/wp\/v2\/comments?post=36"}],"version-history":[{"count":69,"href":"https:\/\/forumdooutono.inesctec.pt\/index.php\/wp-json\/wp\/v2\/pages\/36\/revisions"}],"predecessor-version":[{"id":3650,"href":"https:\/\/forumdooutono.inesctec.pt\/index.php\/wp-json\/wp\/v2\/pages\/36\/revisions\/3650"}],"wp:attachment":[{"href":"https:\/\/forumdooutono.inesctec.pt\/index.php\/wp-json\/wp\/v2\/media?parent=36"}],"curies":[{"name":"wp","href":"https:\/\/api.w.org\/{rel}","templated":true}]}}